 the greatest common divisor of l and 138?
46
Let y(r) = -2*r**3 + 8*r**2 - 15*r + 33. Let z be y(6). Let t = 353 + z. Calculate the highest common divisor of 8 and t.
8
Suppose 0 = 73*z - 709 - 313. Calculate the highest common factor of 882 and z.
14
Suppose 3*q = 4*w - 370 + 46, -2*w + 5*q = -162. What is the greatest common factor of 24 and w?
3
Let u(i) = 8*i**2 - 11*i - 2. Let y be u(6). Suppose 13*f - 17*f = -y. Calculate the greatest common factor of 5 and f.
5
Suppose 0 = -23*o + 24*o - 3. Let d = 99 - 60. Calculate the highest common factor of d and o.
3
Suppose -a = -4*u - 0*u + 455, 0 = 3*a - 15. Calculate the highest common divisor of u and 115.
115
Suppose 92 = 6*p - 4*p. Suppose -704 + 1463 = -23*r. Let a = r + p. Calculate the greatest common divisor of 65 and a.
13
Suppose 196*j - 199*j + 78 = 0. Suppose 0 = -7*n - 24*n + 62. Calculate the highest common divisor of j and n.
2
Suppose 0 = 18*q - 517 + 301. Let m(s) = s**3 + 6*s**2 + 5*s + 3. Let l be m(-5). Suppose l*h - 19 = 89. What is the greatest common divisor of q and h?
12
Let u be (-228)/(-24)*-9 + (-1 - 6/(-4)). Let w be 3/6 - (-175)/(-2). Let s = u - w. Calculate the greatest common factor of 30 and s.
2
Suppose 5*j - s + 115 = 550, 0 = -17*s + 16*s. What is the highest common factor of 15 and j?
3
Let s = -260 + 37. Let d = -113 - s. Let q be 10/(-8) - 4365/(-388). Calculate the greatest common factor of q and d.
10
Suppose 4*n - 1280 = -2*c, -2*c = 2*c - 5*n - 2560. Let z = 1479 - 1439. What is the highest common factor of z and c?
40
Suppose -3*r + 4*r - 2 = 0. Suppose 5*y - 6*y = m - 108, -r*m + 3*y = -236. Let s be 14/(-4)*(-192)/m. What is the highest common divisor of 10 and s?
2
Let p be (-6)/4*2 - -506. Suppose p = 3*w + f + 4*f, 3*w - 463 = 5*f. Suppose 10*b - 46 = 8*b. Calculate the greatest common factor of w and b.
23
Let k be ((-4 - -1) + 4)*5 - -5. Let h be ((-24)/k)/(14/((-560)/6)). What is the highest common divisor of h and 544?
16
Let r(l) = -2*l**2 + 19*l + 68. Let u be r(-2). Calculate the highest common factor of u and 1782.
22
Let l be (-17)/((-6545)/10) + 58397/1771. Let t(m) = -47*m - 4. Let c be t(-5). What is the highest common factor of c and l?
33
Let r = 93 + -4. Let n = 92 - r. Let u be ((-5)/n)/((-5)/18). What is the greatest common factor of 18 and u?
6
Let t = -26 + 24. Let l be -2 - (-2 - (t - -26)). Suppose 48 = -l*p + 28*p. What is the greatest common factor of 12 and p?
12
Let t(n) = -14*n**3 + n**2 + n + 1. Let i be t(-1). Let h = -15 + i. Suppose v + h*v = 13. What is the highest common factor of 13 and v?
13
Suppose 7483*q - 7469*q - 73948 = 0. Calculate the highest common divisor of q and 57.
19
Let f be (1 + (2 - 5))/((-383)/382 + 1). What is the highest common factor of f and 1719?
191
Let x be (-3 + 0/(-5) + -2)*-1. Suppose 3*f - 9 = 9. Suppose 12*c - 10 = 11*c - x*l, c + l = f. What is the highest common divisor of c and 45?
5
Let g be 15/10*-4 + 603. Let a = g + -585. Calculate the greatest common factor of 78 and a.
6
Suppose d = 2*w - 157, -58*w + 233 = -55*w - d. What is the greatest common factor of 551 and w?
19
Let o = 12178 + -9066. What is the highest common divisor of o and 16?
8
Let g(y) = 8*y - 6. Let p = 25 + -25. Suppose p = -3*f - 2 + 8. Let b be g(f). Calculate the highest common divisor of 40 and b.
10
Let z(c) = -c**2 - 10*c - 19. Let l be z(-11). Let f be 1/(61/l + 2) + -3. Let s = -30 - f. Calculate the highest common factor of 33 and s.
3
Let g be -3*16/(-6) + (-194678)/(-11). Calculate the highest common factor of 156 and g.
78
Let l = -59 + 108. Let y = -48 + l. Let w = 0 - -8. Calculate the highest common factor of y and w.
1
Let f(k) = -43 + 52*k**3 - 14*k**2 + 21*k - 22 - 51*k**3. Let q be f(13). What is the greatest common divisor of q and 91?
13
Let i = -3636 + 5599. Calculate the greatest common divisor of i and 13.
13
Let c be 16/24*12/(-8). Let q be (-5 - (-30)/5)*(35 + c). Suppose 4*g - h = -5*h + 1508, 2*g - 739 = 3*h. Calculate the highest common factor of q and g.
34
Let t be ((-18)/(-12) - 1)/((-12)/(-1272)). Let u be (-534)/(-10) - (-24)/(-60). Calculate the highest common divisor of u and t.
53
Suppose 11*o - 33 = -55. Let p(v) = -10*v - 4. Let d be p(o). What is the greatest common divisor of d and 384?
16
Suppose 11*t - 2713 = -1437. What is the greatest common factor of 1131 and t?
29
Let y(k) = 5 - 3 - 12*k**2 - 105*k**3 - 11*k + 104*k**3. Let h be y(-11). Calculate the greatest common divisor of h and 16.
2
Suppose 0*d + d = -5. Let a be (-24)/d*(-2)/3*5. Let i = a - -59. Calculate the highest common divisor of 43 and i.
43
Suppose -978 - 2334 = 10*v - 33*v. Calculate the highest common divisor of 54 and v.
18
Suppose 4*u = p - 10, u - 13 + 9 = 0. What is the greatest common divisor of 65 and p?
13
Suppose -n + v + 1168 = 0, 4*v = 10*n - 5*n - 5841. What is the greatest common factor of 21 and n?
7
Let k be (0/(0 + -3))/((-2)/(-1)). Suppose k = 4*p + d - 127, 3*p + 0*p - 114 = 3*d. Calculate the greatest common factor of p and 11.
11
Suppose l + 3 = 4*l. Let x be 1566 - 0/2*l. Suppose x = 5*c + 356. What is the greatest common factor of c and 22?
22
Let k be 19451/45 + 11/55 + (-12)/27. What is the greatest common divisor of 48 and k?
48
Let t(h) = 2*h**3 - 2*h**2 - 44*h + 539. Let u be t(11). What is the highest common divisor of u and 99?
99
Suppose -1 = -5*s + 5*w + 4, 4*s - w - 13 = 0. Suppose 5*y = 51 + s. Suppose 1 = l, -4*m + 2*l = -3 - y. Calculate the highest common divisor of m and 12.
4
Let p(k) = -k**3 + 14*k**2 + 40*k + 3. Let a be p(10). Calculate the highest common factor of 275 and a.
11
Let i = -4297 - -4367. What is the greatest common factor of 16310 and i?
70
Suppose -2*u = 5*f - 59, 2*f = -6*u + u + 11. Suppose -r = -3 + f. Let o be (-245)/r - (-3)/(-6). Calculate the highest common divisor of o and 60.
12
Suppose -12*d + 220 = 5*q - 14*d, 5*q - d = 220. What is the greatest common factor of q and 41822?
22
Let m(n) = -7*n + 7. Let y be m(1). Suppose -13*d + 14*d + 4 = y. Let o be 34 - (d/(-6))/((-16)/24). What is the greatest common factor of 105 and o?
35
Suppose -548 - 668 = 19*s. Let a = s - -136. What is the greatest common factor of a and 90?
18
Suppose 21946*b + 31396 = 22113*b. Let u(q) = q**3 + 5*q**2 + 4*q + 4. Let x be u(-4). Calculate the greatest common divisor of b and x.
4
Let u = 28 - -2. Let x be (u/25*5)/(2/67). Let o = -82 + x. What is the greatest common divisor of 17 and o?
17
Suppose 0 = -80*k - 7*k - 2*k + 4272. Calculate the highest common factor of k and 744.
24
Let b be (-70)/15*(-15)/(-5). Let u = b - -10. Let f be (-2)/1*(-24 + u). What is the highest common divisor of f and 14?
14
Suppose -u - 54*u + 1485 = 0. Suppose 0 = -u*s + 33*s - 174. What is the greatest common factor of 203 and s?
29
Let l(z) = -6*z + 119. Let b be l(19). Suppose -12*t + 13*t - 3*a + b = 0, -4*a = 4*t - 60. What is the greatest common divisor of 430 and t?
10
Let p be 42/28*(-372)/(-9). Let s = p + -50. What is the highest common divisor of s and 20?
4
Let z be ((-329)/28)/(5/(-20)). Let d = z - 19. Calculate the highest common divisor of 70 and d.
14
Let a(l) = -l**2 + 9*l - 5. Let o be a(8). Suppose 0 = -h - 99 - 33. Let q be h/(-9) + o/9 - -3. What is the greatest common factor of q and 2?
2
Let v be (0 + 16)/(10/(-12)*(-132)/3080). What is the greatest common factor of v and 40?
8
Let k(j) = -6*j**3 - 3*j**2 + 13*j - 8. Let g be k(-6). What is the highest common divisor of 38 and g?
38
Let i be (-175 - -275)*(-1)/5*-66. Suppose -w = 4*w - 100. What is the highest common divisor of i and w?
20
Suppose -4879*v + 4915*v - 1224 = 0. Calculate the highest common factor of 15470 and v.
34
Suppose 3*p = -4*s + 2*s + 1384, s - 3*p - 683 = 0. What is the greatest common divisor of 169 and s?
13
Let j be 6/(-21) - 16/(-7). Let v(s) be the second derivative of 4*s**3 + 55*s**2 - 86*s. Let g be v(-4). What is the highest common factor of j and g?
2
Let b(n) = 2*n**3 + 10*n**2 + 9*n - 3. Let z be b(-2). What is the greatest common factor of z and 2181?
3
Suppose -306*g = -302*g - 1868. Let a = 596 - g. What is the highest common factor of a and 215?
43
Suppose -27*o + 1015 + 850 = 299. What is the greatest common factor of o and 5568?
58
Suppose -2*d - 8*d = 50